.
-6
Let p(u) = 3753*u - 15007. Give p(4).
5
Let z(c) = -244*c**3 + c**2 - c + 1. What is z(1)?
-243
Let m(v) = 3538*v - 24727. Calculate m(7).
39
Let l(b) = -b**2 + 171*b + 171. Determine l(-1).
-1
Let s(g) = -7046*g + 7053. What is s(1)?
7
Let v(s) = 2*s**2 + 71*s - 940. Calculate v(12).
200
Let n(k) = -k**3 + 43*k**2 - 333*k + 33. Determine n(10).
3
Let b(s) = -s**2 - 19*s - 119. Give b(-8).
-31
Let s(m) = 446*m - 3126. Determine s(7).
-4
Let p(d) = -22*d**2 + 162*d - 160. Calculate p(1).
-20
Let b(r) = -4*r**2 - 50*r + 135. Calculate b(-15).
-15
Let w(l) = 563*l + 105277. Give w(-187).
-4
Let h(d) = d**3 + d**2 - 2*d - 14. Give h(2).
-6
Let c(r) = r**2 + 4965*r + 19846. What is c(-4)?
2
Let n(i) = -9*i**2 - 16*i + 2. Determine n(-6).
-226
Let s(c) = 15*c - 115. What is s(6)?
-25
Let w(p) = 182*p**2 + 7*p - 7. Calculate w(1).
182
Let l(v) = -43*v + 275. What is l(7)?
-26
Let c(t) = t**3 + 97*t**2 + 7*t + 680. Determine c(-97).
1
Let d(k) = -2*k**3 + 9*k**2 - 118*k + 330. Give d(3).
3
Let z(r) = -3*r**3 - 29*r**2 + 19*r + 72. Give z(-10).
-18
Let m(q) = 4*q**2 + 6*q - 15. Determine m(-2).
-11
Let n(c) = -c**2 + 71*c + 633. Give n(-8).
1
Let s(q) = 3*q**3 + 94*q**2 - 41*q - 131. What is s(-32)?
-867
Let v(t) = -3*t**3 - 3*t**2 + t + 3. Give v(-3).
54
Let d(l) = -l**3 - 4*l**2 + 38*l - 186. Determine d(7).
-459
Let c(s) = s**3 + 8*s**2 - 22*s + 5. Give c(3).
38
Let s(o) = o**3 - 2*o**2 - 18. Calculate s(0).
-18
Let v(w) = -19*w + 1349. Give v(71).
0
Let p(a) = -a**3 + 7*a**2 - 22*a + 158. Determine p(8).
-82
Let j(b) = -3917*b + 86190. What is j(22)?
16
Let r(p) = p**2 + 16*p - 139. Determine r(-23).
22
Let m(u) = -u**2 + 125*u - 3566. Determine m(81).
-2
Let n(a) = 360*a - 5755. Determine n(16).
5
Let p(k) = -14*k**3 - 15*k**2 - 11*k + 4. Calculate p(-1).
14
Let f(q) = 8*q**3 - 2*q**2 - 8*q + 1. Determine f(-3).
-209
Let v(x) = 29*x - 176. Calculate v(6).
-2
Let k(i) = 1920*i + 32619. Give k(-17).
-21
Let b(i) = -8*i**2 - 458*i - 132. Give b(-57).
-18
Let v(w) = -733*w - 10254. What is v(-14)?
8
Let b(a) = 38*a + 135. Determine b(-2).
59
Let t(h) = -2*h**3 - 28*h**2 + h + 16. Calculate t(-14).
2
Let w(n) = n**2 - 8*n - 196. What is w(-11)?
13
Let m(l) = -2*l**3 - 41*l**2 + 74*l + 159. What is m(-22)?
-17
Let r(y) = -2*y**3 + 38*y**2 + 44*y + 5. Determine r(-1).
1
Let t(s) = 13*s**3 + 50*s**2 + 60*s + 8. Determine t(-1).
-15
Let g(u) = -u**2 - 14*u + 249. Determine g(-14).
249
Let g(s) = s**3 - 15*s**2 - 53*s + 320. Determine g(17).
-3
Let g(i) = -3*i**2 - 20*i + 30. Calculate g(-8).
-2
Let a(p) = -2*p**3 - 2*p**2 + 2*p + 5. Give a(2).
-15
Let k(w) = -8118*w + 16240. Calculate k(2).
4
Let m(x) = 672*x**3 + x**2 - 9*x + 9. Give m(1).
673
Let k(p) = p**2 - 18*p + 67. Calculate k(0).
67
Let j(h) = 2*h**3 + 21*h**2 - 100*h - 29. Give j(-14).
-1
Let x(j) = -2*j**3 + 122*j**2 + 3*j - 86. Calculate x(61).
97
Let w(z) = 2*z**3 - 17*z**2 + 53*z + 1. What is w(6)?
139
Let o(j) = 21*j + 23. Give o(-5).
-82
Let q(y) = -2*y**3 - 60*y**2 + 125*y - 99. What is q(-32)?
-3
Let a(p) = 16*p + 86. What is a(-7)?
-26
Let t(n) = n**3 - 6*n**2 - 24*n. Calculate t(-4).
-64
Let i(x) = -3*x**2 + 3*x + 63. Determine i(5).
3
Let q(f) = -2529*f + 7570. Calculate q(3).
-17
Let i(n) = -70*n**3 - 211*n**2 + n + 3. Give i(-3).
-9
Let a(h) = -5*h**2 + 15*h + 72. Determine a(-4).
-68
Let a(v) = -147*v + 1308. Determine a(9).
-15
Let l(j) = -207*j - 13. What is l(1)?
-220
Let d(q) = -2*q**2 + 33*q + 74. Determine d(-2).
0
Let c(v) = 43*v + 83. Give c(-4).
-89
Let a(r) = r**3 - 39*r**2 - 35*r - 243. Give a(40).
-43
Let j(g) = -2*g**3 - 14*g**2 + 2*g + 11. Give j(-7).
-3
Let n(s) = -63*s + 7369. Determine n(117).
-2
Let i(y) = y**2 - 58*y + 639. Calculate i(15).
-6
Let w(g) = -g**3 + 7*g**2 + 19*g + 7. Give w(0).
7
Let u(x) = -1912*x + 11470. Determine u(6).
-2
Let m(l) = -3*l**2 - 30*l - 38. Calculate m(-12).
-110
Let n(b) = b**3 - 59*b**2 - 188*b + 75. What is n(62)?
-49
Let z(k) = 33*k - 1409. Give z(44).
43
Let q(n) = -20*n + 82. What is q(-8)?
242
Let v(q) = 3*q**3 + q**2 - 13*q - 25. Calculate v(-2).
-19
Let x(u) = 20*u**3 + 160*u**2 - 185*u - 48. Determine x(-9).
-3
Let j(l) = -1480*l - 103600. Determine j(-70).
0
Let d(b) = -9*b + 159. Give d(24).
-57
Let v(y) = y**2 - 118*y - 1991. Give v(-15).
4
Let j(g) = g**2 - 212*g + 5298. Calculate j(29).
-9
Let q(c) = c**2 + 53*c + 68. Determine q(-46).
-254
Let b(a) = -a**2 - 80*a - 1090. Calculate b(-12).
-274
Let l(z) = 2*z**3 + 22*z**2 + 68*z + 154. What is l(-8)?
-6
Let n(c) = 29*c**2 + 197*c - 16. Give n(-7).
26
Let d(z) = 32*z + 3072. Calculate d(-96).
0
Let a(h) = -19*h**2 - 28*h + 13. Determine a(-4).
-179
Let s(b) = -20927*b + 104636. Give s(5).
1
Let t(c) = -613*c - 3662. What is t(-6)?
16
Let y(f) = 199*f - 15518. Determine y(78).
4
Let t(i) = -2*i**3 - 9*i**2 + i + 47. Calculate t(-6).
149
Let t(d) = 3*d**3 + 872*d**2 + 603*d + 6669. Determine t(-290).
-1
Let o(n) = -n**3 - 8*n**2 - 7*n - 2. Determine o(-4).
-38
Let z(k) = -2*k**2 - 60*k - 356. Give z(-21).
22
Let n(k) = -k**3 + 7*k**2 + k + 170. Give n(9).
17
Let p(n) = -29*n - 62. Give p(-3).
25
Let j(b) = -b**3 + 65*b**2 - 302*b + 6. Determine j(5).
-4
Let g(j) = 7*j + 11. Calculate g(-5).
-24
Let z(j) = j**2 + 41*j + 178. Give z(-29).
-170
Let u(c) = -11*c**3 - 4*c**2 - c + 21. Give u(-2).
95
Let y(b) = -b**2 + 22*b + 140. Determine y(-6).
-28
Let w(k) = 2*k**3 + 80*k**2 + 493*k - 12. Determine w(-7).
-229
Let y(g) = -13*g**2 + 20*g - 38. Calculate y(4).
-166
Let g(y) = y**3 - 9*y**2 - 28*y - 16. Determine g(12).
80
Let c(l) = 3*l**3 + 27*l**2 + 54*l + 68. Determine c(-7).
-16
Let w(k) = -534*k + 1095. Determine w(2).
27
Let n(s) = -s**3 - 16*s**2 + 237*s + 666. Give n(11).
6
Let m(u) = u**2 - 179*u - 697. What is m(-4)?
35
Let q(a) = 2*a**3 - 63*a**2 + 483*a + 69. Determine q(18).
15
Let b(m) = -m**2 - 25*m - 117. Calculate b(-7).
9
Let n(z) = 25*z**2 + 1071*z - 192. Calculate n(-43).
-20
Let j(t) = 630*t. Calculate j(0).
0
Let m(t) = -18*t - 617. Give m(-51).
301
Let b(k) = k**3 + 7*k**2 + 70. What is b(-8)?
6
Let i(b) = 21*b**2 + 169*b + 59. What is i(-8)?
51
Let r(c) = -c**3 + 25*c**2 - 38*c - 74. What is r(24)?
-410
Let x(c) = 5*c + 98. Calculate x(15).
173
Let f(z) = 33*z**2 + 1784*z + 71. What is f(-54)?
-37
Let m(z) = 2*z**2 + 37*z - 220. Give m(5).
15
Let v(s) = 42*s + 528. Calculate v(-11).
66
Let t(b) = 16*b**2 + 288*b - 11. Determine t(-18).
-11
Let m(q) = -820*q**2 - 16400*q - 6. Calculate m(-20).
-6
Let l(s) = -s**3 - 49*s**2 + 521*s - 3. Determine l(9).
-12
Let g(m) = -m**3 + 51*m**2 - 554*m - 68. Give g(35).
142
Let f(m) = 15*m**2 - 5*m + 16. Determine f(4).
236
Let k(f) = -4*f**2 - 9*f - 21. Determine k(-4).
-49
Let w(n) = n**3 - 12*n**2 - 5*n + 305. What is w(9)?
17
Let g(w) = w**3 - 3*w**2 - 26*w - 10. What is g(7)?
4
Let b(z) = -105*z**2 + 1044*z + 53. What is b(10)?
-7
Let g(p) = -p**3 + 58*p**2 - 109*p - 61. What is g(56)?
107
Let h(i) = -279*i + 781. Determine h(3).
-56
Let v(y) = -29*y + 272. Calculate v(14).
-134
Let r(w) = w**3 + 8*w**2 - 25*w - 154. Determine r(-5).
46
Let k(b) = 2*b**3 + 16*b**2 - 2*b - 6. Determine k(-8).
10
Let t(m) = 151*m - 20382. What is t(135)?
3
Let t(f) = 6*f**3 - 83*f**2 - 14*f. Give t(14).
0
Let z(t) = -2*t**3 - 19*t**2 + 2*t - 344. Calculate z(-11).
-3
Let d(g) = -2*g**2 + 122*g - 1796. Give d(30).
64
Let g(z) = z**2 + 101*z - 816. Give g(-109).
56
Let b(h) = -2*h**2 - 29*h + 188. Determine b(5).
-7
Let s(y) = 2*y**3 - 274*y**2 - 8*y + 1119. Calculate s(137).
23
Let w(n) = -380*n - 852. What is w(-3)?
288
Let q(r) = -r**2 + 140*r - 1747. What is q(14)?
17
Let x(i) = 4*i**2 - 61*i - 6. Give x(8).
-238
Let b(d) = -6*d**2 - 39*d + 23. Give b(-5).
68
Let k(m) = m - 102. Give k(3).
-99
Let y(l) = l**2 + 136*l - 1041. Determine y(7).
-40
Let g(d) = d**2 + 214*d - 11059. Calculate g(-257).
-8
Let h(s) = 270*s - 8926. Give h(33).
-16
Let i(d) = 9*d - 162. Calculate i(12).
-54
Let d(k) = 240*k**3 - k**2 + 4*k + 5. Give d(-1).
-240
Let c(n) = 20*n**2 - 33*n - 37. Determine c(-1).
16
Let x(f) = 13*f + 488. What is x(-37)?
7
Let q(c) = -1811*c - 1810. Calculate q(-1).
1
Let d(c) = 637*c - 3180. Determine d(5).
5
Let p(v) = 17*v**2 - 19*v - 704. What is p(7)?
-4
Let b(x) = -781*x + 6252. Give b(8).
4
Let y(m) = 63*m +